lculate the greatest common factor of 95759952 and 4656.
4656
Calculate the greatest common factor of 4536 and 146436822.
1134
Calculate the greatest common factor of 20822971 and 481.
481
What is the greatest common factor of 55413 and 196893?
1179
Calculate the highest common divisor of 98577 and 777843.
81
Calculate the greatest common divisor of 215518 and 205274.
394
Calculate the highest common divisor of 11553920 and 12320.
1120
What is the highest common divisor of 19806456 and 415?
83
What is the greatest common divisor of 350820 and 1200?
60
What is the greatest common factor of 522 and 570363474?
174
Calculate the highest common divisor of 623918 and 1884.
314
What is the greatest common divisor of 436370740 and 260?
260
Calculate the highest common factor of 386 and 352011542.
386
Calculate the highest common divisor of 61056918 and 26598.
2418
What is the highest common divisor of 54 and 29150514?
18
What is the highest common factor of 4598 and 94487?
19
What is the greatest common divisor of 702 and 1439412?
78
Calculate the highest common divisor of 213 and 37869341.
71
What is the greatest common divisor of 9170 and 6097133?
917
Calculate the highest common divisor of 5340960 and 28.
4
Calculate the highest common factor of 2395197 and 6293.
203
Calculate the highest common divisor of 2452 and 17428.
4
Calculate the highest common factor of 23221 and 17611.
11
Calculate the highest common factor of 1154 and 4323461.
577
Calculate the highest common factor of 165 and 314997375.
165
What is the greatest common factor of 84794605 and 875?
35
Calculate the highest common divisor of 609595 and 280.
35
Calculate the highest common divisor of 45662 and 8031298.
158
Calculate the highest common divisor of 971 and 49096673.
971
Calculate the highest common divisor of 26152 and 806414.
14
Calculate the greatest common divisor of 153985734 and 36.
18
What is the greatest common factor of 10829383 and 1263?
421
What is the highest common factor of 825 and 254850?
75
What is the greatest common factor of 71276 and 2353665?
173
Calculate the highest common factor of 2879 and 9413.
1
What is the highest common factor of 90 and 239805?
45
What is the greatest common factor of 4417515 and 356?
89
What is the greatest common factor of 447373 and 2323?
23
Calculate the highest common divisor of 5016 and 18763184.
1672
What is the greatest common factor of 47784 and 216744?
264
What is the highest common divisor of 74600 and 142600?
200
What is the greatest common divisor of 416372 and 3168?
44
Calculate the greatest common factor of 3446505 and 1112.
139
Calculate the highest common divisor of 417000 and 698892.
1668
What is the greatest common factor of 130 and 520715?
65
Calculate the greatest common factor of 5560 and 95880.
40
What is the highest common divisor of 12756931 and 22?
11
What is the greatest common divisor of 1920 and 10850440?
40
Calculate the highest common factor of 16 and 114679600.
16
Calculate the highest common divisor of 1624 and 2649150.
406
What is the greatest common divisor of 21624593 and 107?
107
What is the greatest common divisor of 36934 and 211?
1
What is the highest common factor of 18330 and 29745?
15
What is the greatest common divisor of 258 and 54929877?
129
What is the highest common factor of 10896 and 5569899?
681
What is the greatest common divisor of 795090 and 85510?
170
What is the highest common divisor of 19283707 and 32188?
619
Calculate the greatest common divisor of 10582 and 3817242.
286
What is the highest common factor of 52986 and 8324?
2
Calculate the greatest common factor of 960 and 4680640.
320
What is the highest common factor of 11703295 and 205?
5
What is the greatest common factor of 3244479 and 645?
129
What is the highest common factor of 28148 and 33142?
454
Calculate the highest common factor of 96795025 and 475.
475
Calculate the highest common factor of 1095045 and 58005.
15
Calculate the greatest common factor of 437548 and 700.
4
Calculate the greatest common divisor of 93170 and 154910.
70
Calculate the greatest common factor of 34717268 and 5149.
271
Calculate the highest common factor of 227563128 and 52.
52
What is the greatest common factor of 4289725 and 3720772?
9031
Calculate the greatest common factor of 5665 and 23045.
55
What is the greatest common factor of 1934482 and 979?
11
Calculate the highest common factor of 572373 and 684081.
261
Calculate the highest common divisor of 18057140 and 61120.
3820
What is the greatest common factor of 96255 and 555365?
155
What is the greatest common divisor of 4181742 and 116?
58
What is the highest common factor of 3213 and 2452233?
357
Calculate the greatest common divisor of 5601967 and 651.
7
Calculate the greatest common divisor of 39591608 and 21.
7
Calculate the greatest common divisor of 46 and 75015466.
46
What is the greatest common factor of 304315 and 7645?
55
Calculate the highest common factor of 617041402 and 2258.
2258
What is the greatest common factor of 371792 and 656?
16
Calculate the highest common divisor of 37406 and 17051.
59
What is the highest common factor of 748 and 8146336?
44
Calculate the highest common divisor of 564527 and 72132596.
6343
Calculate the highest common divisor of 1192 and 80444206.
298
What is the highest common factor of 1700145 and 4695?
15
What is the greatest common divisor of 3612 and 5951736?
84
Calculate the greatest common factor of 40641237 and 1173.
51
Calculate the highest common factor of 53773575 and 60.
15
Calculate the greatest common factor of 17646509 and 1219.
53
What is the greatest common divisor of 22 and 688852?
2
What is the greatest common divisor of 60416 and 175360?
256
Calculate the greatest common factor of 274 and 243889592.
274
Calculate the greatest common factor of 62796 and 2916.
12
What is the greatest common divisor of 968 and 108512437?
121
What is the greatest common factor of 10518860 and 27126?
3014
What is the greatest common divisor of 4133021 and 303?
101
Calculate the greatest common factor of 921 and 12919481.
307
Calculate the greatest common factor of 14973774 and 82.
82
What is the greatest common divisor of 9830309 and 956?
239
Calculate the highest common factor of 62677 and 118629.
269
Calculate the highest common divisor of 4689113 and 14363.
271
What is the greatest common factor of 92188444 and 39236?
2308
What is the greatest common factor of 5757 and 1399407?
57
What is the greatest common divisor of 2668 and 206413822?
1334
What is the greatest common factor of 29 and 42462090?
29
What is the greatest common divisor of 11602145 and 9695?
1385
Calculate the greatest common factor of 139661970 and 15.
15
Calculate the greatest common factor of 87658 and 181999.
41
What is the highest common divisor of 138 and 993306?
6
Calculate the highest common divisor of 37497 and 130239.
87
Calculate the highest common factor of 2739 and 9324469.
913
What is the greatest common factor of 3380 and 33764510?
1690
What is the highest common factor of 18 and 14524836?
6
Calculate the highest common divisor of 6168 and 68016592.
2056
What is the greatest common divisor of 1977003 and 1387386?
441
What is the greatest common factor of 672 and 3808032?
96
Calculate the greatest common factor of 1874220 and 186.
6
What is the highest common divisor of 96333992 and 14480?
1448
Calculate the highest common divisor of 143 and 6720571.
143
Calculate the highest common factor of 1177884 and 132.
12
Calculate the greatest common factor of 178 and 22647118.
178
What is the highest common divisor of 160 and 13620416?
32
What is the greatest common factor of 263132 and 564?
4
What is the highest common factor of 9160940 and 30?
10
Calculate the highest common divisor of 696022794 and 14094.
4698
What is the highest common factor of 844 and 767500473?
211
What is the greatest common factor of 666902760 and 72?
24
What is the greatest common factor of 396 and 14380256?
44
Calculate the greatest common divisor of 976098 and 942.
6
What is the greatest common factor of 14480433 and 1452?
363
What is the greatest common divisor of 28 and 516544791?
7
Calculate the highest common factor of 250074 and 2970.
594
What is the highest common divisor of 22646 a